d 2867.
47
What is the highest common divisor of 194 and 683753?
97
Calculate the highest common factor of 18446 and 291928.
802
What is the highest common divisor of 16055 and 739765?
1235
What is the greatest common divisor of 160 and 48280?
40
What is the highest common divisor of 4940 and 10972?
52
Calculate the highest common divisor of 178310 and 55.
55
What is the greatest common factor of 9425 and 3016?
377
What is the highest common factor of 2241 and 138?
3
What is the highest common divisor of 2046 and 25854?
186
Calculate the greatest common divisor of 92 and 1062692.
92
Calculate the highest common divisor of 3819 and 133.
19
What is the highest common factor of 141547 and 511?
511
Calculate the highest common divisor of 1218 and 15516102.
1218
What is the greatest common divisor of 84 and 59493?
21
Calculate the highest common factor of 10131 and 717459.
921
What is the greatest common factor of 1072 and 12194?
134
What is the highest common factor of 2808 and 13176?
216
What is the greatest common divisor of 13931450 and 13?
13
What is the greatest common divisor of 247687 and 1513?
89
What is the highest common factor of 2829 and 45756?
123
Calculate the greatest common factor of 4823550 and 135.
135
What is the greatest common divisor of 10486 and 574?
14
Calculate the highest common divisor of 33100 and 100.
100
What is the greatest common divisor of 28 and 1851206?
14
What is the greatest common divisor of 107 and 1012969?
107
Calculate the greatest common divisor of 25459 and 168.
7
Calculate the highest common factor of 4731 and 1653.
57
What is the greatest common divisor of 21534 and 777?
111
What is the greatest common divisor of 97528 and 1752?
584
What is the greatest common divisor of 248 and 136?
8
What is the greatest common factor of 20412 and 636?
12
What is the highest common factor of 12 and 8324?
4
Calculate the highest common divisor of 38360 and 840.
280
Calculate the highest common divisor of 80 and 89855.
5
What is the greatest common factor of 6 and 2904006?
6
What is the greatest common factor of 26730 and 231?
33
Calculate the highest common divisor of 66910 and 10.
10
What is the highest common divisor of 15353 and 52?
13
What is the greatest common factor of 8436 and 1887?
111
What is the highest common divisor of 809266 and 1172?
586
Calculate the highest common factor of 1299445 and 5.
5
Calculate the greatest common divisor of 968 and 468.
4
What is the greatest common divisor of 9455 and 21235?
155
What is the greatest common factor of 56 and 38584?
56
What is the highest common factor of 1710 and 54302?
38
Calculate the greatest common divisor of 1059 and 115431.
1059
What is the highest common factor of 13546 and 1534?
26
What is the highest common factor of 403520 and 117?
13
What is the greatest common factor of 1453300 and 400?
100
What is the highest common factor of 650323 and 89?
89
What is the highest common divisor of 20 and 430?
10
What is the highest common divisor of 29690 and 170?
10
What is the highest common divisor of 21 and 199164?
21
Calculate the greatest common divisor of 64 and 81984.
64
Calculate the highest common factor of 749 and 875.
7
What is the highest common factor of 140698 and 1854?
206
Calculate the highest common divisor of 133 and 6939541.
133
What is the highest common divisor of 120 and 4248?
24
What is the highest common divisor of 20 and 752740?
20
What is the greatest common factor of 359 and 206425?
359
What is the greatest common factor of 54 and 11706?
6
What is the highest common divisor of 6 and 602154?
6
Calculate the greatest common factor of 854 and 12383.
427
What is the greatest common factor of 1010761 and 10451?
1493
What is the greatest common factor of 52404 and 1254?
66
Calculate the greatest common factor of 144 and 66.
6
What is the greatest common factor of 108 and 130464?
108
Calculate the greatest common divisor of 8330 and 112210.
490
Calculate the highest common factor of 392 and 19432.
56
What is the highest common factor of 832 and 543036?
52
Calculate the greatest common divisor of 111534 and 1044.
174
Calculate the highest common factor of 4277052 and 2664.
1332
What is the highest common divisor of 144969 and 3036?
759
Calculate the greatest common factor of 11578 and 24262.
14
Calculate the greatest common factor of 1558 and 3382.
38
What is the greatest common factor of 809329 and 284?
71
Calculate the highest common factor of 630 and 10073.
7
What is the greatest common factor of 8925 and 325?
25
What is the greatest common divisor of 12730 and 2948?
134
Calculate the highest common factor of 717120 and 480.
480
What is the highest common factor of 897320 and 40?
40
What is the greatest common divisor of 15 and 209382?
3
Calculate the highest common divisor of 52 and 107302.
26
Calculate the highest common factor of 629 and 4777.
17
What is the highest common factor of 2090 and 83160?
110
Calculate the greatest common divisor of 1746 and 3078.
18
Calculate the highest common factor of 104720 and 121856.
1904
What is the highest common factor of 23340 and 810676?
1556
What is the greatest common factor of 14714 and 5?
1
Calculate the highest common factor of 17664 and 207.
69
Calculate the greatest common factor of 8668 and 21276.
788
Calculate the greatest common divisor of 3966 and 81.
3
Calculate the greatest common factor of 36 and 1190076.
12
What is the greatest common divisor of 101084 and 444?
148
Calculate the highest common divisor of 10 and 3006930.
10
Calculate the greatest common factor of 49777 and 1001.
91
What is the highest common divisor of 1267542 and 432?
54
What is the greatest common factor of 46 and 597586?
46
Calculate the greatest common factor of 63 and 1732941.
63
What is the highest common factor of 1665 and 245?
5
What is the greatest common divisor of 69718 and 2948?
22
What is the greatest common factor of 162 and 1912329?
81
Calculate the highest common divisor of 4074 and 437082.
582
Calculate the greatest common factor of 270 and 1373490.
270
What is the greatest common divisor of 19451 and 11010?
367
What is the highest common divisor of 952 and 10336?
136
Calculate the greatest common divisor of 132204 and 96.
12
What is the highest common divisor of 1304 and 620378?
326
Calculate the highest common factor of 1859 and 11713.
13
Calculate the greatest common factor of 4644 and 3006.
18
Calculate the highest common divisor of 7742 and 196.
98
What is the greatest common divisor of 119812 and 3598?
14
What is the highest common divisor of 3446988 and 277?
277
Calculate the greatest common factor of 682 and 62.
62
What is the highest common factor of 1356 and 4612434?
678
Calculate the highest common factor of 915 and 42639.
183
Calculate the greatest common factor of 20180 and 20.
20
Calculate the greatest common divisor of 84 and 12446.
14
Calculate the greatest common divisor of 60 and 94485.
15
Calculate the greatest common divisor of 3153 and 75.
3
Calculate the greatest common divisor of 349158 and 6.
6
What is the highest common divisor of 1845256 and 2382?
794
Calculate the highest common divisor of 895 and 35.
5
Calculate the highest common divisor of 5031 and 1989.
117
What is the highest common divisor of 399 and 8607?
57
What is the highest common divisor of 8 and 2888?
8
What is the highest common divisor of 2137200 and 150?
150
Calculate the greatest common factor of 3 and 280069.
1
Calculate the greatest common divisor of 308 and 612752.
28
Calculate the greatest common factor of 2255 and 10505.
55
What is the greatest common factor of 114 and 13658226?
114
What is the highest common divisor of 150537 and 38?
19
What is the greatest common divisor of 40 and 5955?
5
Calculate the highest common factor of 1639 and 1704113.
149
What is the highest common divisor of 153 and 91341?
153
What is the greatest common factor of 64820 and 50?
10
What is the highest common factor of 250983 and 18486?
711
Calculate the greatest common divisor of 14089 and 1387.
73
What is the greatest common factor of 20 and 1454230?
10
Calculate the highest common divisor of 107 and 2657.
1
What is the highest common divisor of 777854 and 112?
14
What is the highest common divisor of 299 and 551126?
23
Wha